{"id":430,"date":"2019-05-16T10:54:59","date_gmt":"2019-05-16T10:54:59","guid":{"rendered":"https:\/\/colibriwp-work.colibriwp.com\/gardening\/?page_id=430"},"modified":"2023-05-10T11:26:29","modified_gmt":"2023-05-10T14:26:29","slug":"contact","status":"publish","type":"page","link":"https:\/\/camposacro.cl\/lin\/contact\/","title":{"rendered":"Contacto"},"content":{"rendered":"<div data-colibri-id=\"430-c1\" class=\"style-646 style-local-430-c1 position-relative\">\n  <!---->\n  <div data-colibri-component=\"section\" data-colibri-id=\"430-c2\" id=\"custom\" class=\"h-section h-section-global-spacing d-flex align-items-lg-center align-items-md-center align-items-center style-647 style-local-430-c2 position-relative\">\n    <!---->\n    <!---->\n    <div class=\"h-section-grid-container h-section-boxed-container\">\n      <!---->\n      <div data-colibri-id=\"430-c3\" class=\"h-row-container gutters-row-lg-1 gutters-row-md-1 gutters-row-2 gutters-row-v-lg-1 gutters-row-v-md-1 gutters-row-v-1 style-648 style-local-430-c3 position-relative\">\n        <!---->\n        <div class=\"h-row justify-content-lg-center justify-content-md-center justify-content-center align-items-lg-stretch align-items-md-stretch align-items-stretch gutters-col-lg-1 gutters-col-md-1 gutters-col-2 gutters-col-v-lg-1 gutters-col-v-md-1 gutters-col-v-1\">\n          <!---->\n          <div class=\"h-column h-column-container d-flex h-col-lg-auto h-col-md-auto h-col-auto style-649-outer style-local-430-c4-outer\">\n            <div data-colibri-id=\"430-c4\" class=\"d-flex h-flex-basis h-column__inner h-px-lg-3 h-px-md-3 h-px-3 v-inner-lg-3 v-inner-md-3 v-inner-3 style-649 style-local-430-c4 position-relative\">\n              <div class=\"background-wrapper\">\n                <div class=\"background-layer background-layer-media-container-lg\">\n                  <!---->\n                  <div class=\"overlay-layer\">\n                    <div class=\"overlay-image-layer\" style=\"background-color: rgb(108, 190, 3); opacity: 0.9;\"><\/div>\n                  <\/div>\n                <\/div>\n                <div class=\"background-layer background-layer-media-container-md\">\n                  <!---->\n                  <div class=\"overlay-layer\">\n                    <div class=\"overlay-image-layer\" style=\"background-color: rgb(108, 190, 3); opacity: 0.9;\"><\/div>\n                  <\/div>\n                <\/div>\n                <div class=\"background-layer background-layer-media-container\">\n                  <!---->\n                  <div class=\"overlay-layer\">\n                    <div class=\"overlay-image-layer\" style=\"background-color: rgb(108, 190, 3); opacity: 0.9;\"><\/div>\n                  <\/div>\n                <\/div>\n              <\/div>\n              <!---->\n              <div class=\"w-100 h-y-container h-column__content h-column__v-align flex-basis-100 align-self-lg-center align-self-md-center align-self-center\">\n                <!---->\n                <div data-colibri-id=\"430-c5\" class=\"h-global-transition-all h-heading style-651 style-local-430-c5 position-relative h-element\">\n                  <!---->\n                  <div class=\"h-heading__outer style-651 style-local-430-c5\">\n                    <!---->\n                    <!---->\n                    <h4 class=\"\">ubicaci\u00f3n<\/h4>\n                  <\/div>\n                <\/div>\n                <div data-colibri-id=\"430-c6\" class=\"h-text h-text-component style-652 style-local-430-c6 position-relative h-element\">\n                  <!---->\n                  <!---->\n                  <div class=\"\">\n                    <p>Sector Agua Fr\u00eda N\u00b0 1528, Linares<\/p>\n                  <\/div>\n                <\/div>\n                <div data-colibri-id=\"430-c7\" class=\"style-655 style-local-430-c7 position-relative h-element\">\n                  <!---->\n                <\/div>\n                <div data-colibri-id=\"430-c8\" class=\"h-global-transition-all h-heading style-653 style-local-430-c8 position-relative h-element\">\n                  <!---->\n                  <div class=\"h-heading__outer style-653 style-local-430-c8\">\n                    <!---->\n                    <!---->\n                    <h4 class=\"\">tel\u00e9fono<\/h4>\n                  <\/div>\n                <\/div>\n                <div data-colibri-id=\"430-c9\" class=\"h-text h-text-component style-654 style-local-430-c9 position-relative h-element\">\n                  <!---->\n                  <!---->\n                  <div class=\"\">\n                    <p><span style=\"font-weight: 400; font-size: 15px; font-family: &quot;Titillium Web&quot;, sans-serif; color: rgb(255, 255, 255);\">73-2 212436 &#8211; 9 87696563<\/span><\/p>\n                  <\/div>\n                <\/div>\n                <div data-colibri-id=\"430-c10\" class=\"style-656 style-local-430-c10 position-relative h-element\">\n                  <!---->\n                <\/div>\n                <div data-colibri-id=\"430-c11\" class=\"h-global-transition-all h-heading style-657 style-local-430-c11 position-relative h-element\">\n                  <!---->\n                  <div class=\"h-heading__outer style-657 style-local-430-c11\">\n                    <!---->\n                    <!---->\n                    <h4 class=\"\">e-mail<\/h4>\n                  <\/div>\n                <\/div>\n                <div data-colibri-id=\"430-c12\" class=\"h-text h-text-component style-658 style-local-430-c12 position-relative h-element\">\n                  <!---->\n                  <!---->\n                  <div class=\"\">\n                    <p>informaciones@camposacro.cl<\/p>\n                  <\/div>\n                <\/div>\n                <div data-colibri-id=\"430-c13\" class=\"style-659 style-local-430-c13 position-relative h-element\">\n                  <!---->\n                <\/div>\n              <\/div>\n            <\/div>\n          <\/div>\n          <div class=\"h-column h-column-container d-flex h-col-lg-auto h-col-md-auto h-col-auto style-650-outer style-local-430-c14-outer\">\n            <div data-colibri-id=\"430-c14\" class=\"d-flex h-flex-basis h-column__inner h-px-lg-1 h-px-md-1 h-px-1 v-inner-lg-1 v-inner-md-1 v-inner-1 style-650 style-local-430-c14 position-relative\">\n              <!---->\n              <!---->\n              <div class=\"w-100 h-y-container h-column__content h-column__v-align flex-basis-100 align-self-lg-center align-self-md-center align-self-center\">\n                <!---->\n                <div data-colibri-id=\"430-c15\" class=\"style-665 style-local-430-c15 position-relative h-element\">\n                  <!---->\n                  <div class=\"h-global-transition-all h-global-transition h-global-transition-all h-contact-form-shortcode\">\n<div class=\"wpcf7 no-js\" id=\"wpcf7-f226-o1\" lang=\"en-US\" dir=\"ltr\">\n<div class=\"screen-reader-response\"><p role=\"status\" aria-live=\"polite\" aria-atomic=\"true\"><\/p> <ul><\/ul><\/div>\n<form action=\"\/lin\/wp-json\/wp\/v2\/pages\/430#wpcf7-f226-o1\" method=\"post\" class=\"wpcf7-form init\" aria-label=\"Contact form\" novalidate=\"novalidate\" data-status=\"init\">\n<div style=\"display: none;\">\n<input type=\"hidden\" name=\"_wpcf7\" value=\"226\" \/>\n<input type=\"hidden\" name=\"_wpcf7_version\" value=\"5.7.5.1\" \/>\n<input type=\"hidden\" name=\"_wpcf7_locale\" value=\"en_US\" \/>\n<input type=\"hidden\" name=\"_wpcf7_unit_tag\" value=\"wpcf7-f226-o1\" \/>\n<input type=\"hidden\" name=\"_wpcf7_container_post\" value=\"0\" \/>\n<input type=\"hidden\" name=\"_wpcf7_posted_data_hash\" value=\"\" \/>\n<input type=\"hidden\" name=\"_wpcf7_recaptcha_response\" value=\"\" \/>\n<\/div>\n<p><label> Su Nombre (requiro)<br \/>\n<span class=\"wpcf7-form-control-wrap\" data-name=\"your-name\"><input size=\"40\" class=\"wpcf7-form-control wpcf7-text wpcf7-validates-as-required\" aria-required=\"true\" aria-invalid=\"false\" value=\"\" type=\"text\" name=\"your-name\" \/><\/span> <\/label>\n<\/p>\n<p><label> Su Email (requiro)<br \/>\n<span class=\"wpcf7-form-control-wrap\" data-name=\"your-email\"><input size=\"40\" class=\"wpcf7-form-control wpcf7-text wpcf7-email wpcf7-validates-as-required wpcf7-validates-as-email\" aria-required=\"true\" aria-invalid=\"false\" value=\"\" type=\"email\" name=\"your-email\" \/><\/span> <\/label><br \/>\n<label>Su N\u00famero de Tel\u00e9fono de Contacto<span class=\"wpcf7-form-control-wrap\" data-name=\"tel-37\"><input size=\"40\" class=\"wpcf7-form-control wpcf7-text wpcf7-tel wpcf7-validates-as-tel\" aria-invalid=\"false\" value=\"\" type=\"tel\" name=\"tel-37\" \/><\/span><\/label>\n<\/p>\n<p><label> Su Mensaje<br \/>\n<span class=\"wpcf7-form-control-wrap\" data-name=\"your-message\"><textarea cols=\"40\" rows=\"10\" class=\"wpcf7-form-control wpcf7-textarea\" aria-invalid=\"false\" name=\"your-message\"><\/textarea><\/span> <\/label>\n<\/p>\n<p><input class=\"wpcf7-form-control has-spinner wpcf7-submit\" type=\"submit\" value=\"Enviar\" \/>\n<\/p><div class=\"wpcf7-response-output\" aria-hidden=\"true\"><\/div>\n<\/form>\n<\/div>\n<\/div>\n                <\/div>\n              <\/div>\n            <\/div>\n          <\/div>\n        <\/div>\n      <\/div>\n    <\/div>\n  <\/div>\n  <div data-colibri-component=\"section\" data-colibri-id=\"430-c16\" id=\"custom-2\" class=\"h-section h-section-global-spacing d-flex align-items-lg-center align-items-md-center align-items-center style-666 style-local-430-c16 position-relative\">\n    <div class=\"background-wrapper\">\n      <div class=\"background-layer background-layer-media-container-lg\">\n        <!---->\n        <div class=\"overlay-layer\">\n          <div class=\"overlay-image-layer\" style=\"background-color: rgb(108, 190, 3); opacity: 0.7;\"><\/div>\n        <\/div>\n      <\/div>\n      <div class=\"background-layer background-layer-media-container-md\">\n        <!---->\n        <div class=\"overlay-layer\">\n          <div class=\"overlay-image-layer\" style=\"background-color: rgb(108, 190, 3); opacity: 0.7;\"><\/div>\n        <\/div>\n      <\/div>\n      <div class=\"background-layer background-layer-media-container\">\n        <!---->\n        <div class=\"overlay-layer\">\n          <div class=\"overlay-image-layer\" style=\"background-color: rgb(108, 190, 3); opacity: 0.7;\"><\/div>\n        <\/div>\n      <\/div>\n    <\/div>\n    <!---->\n    <div class=\"h-section-grid-container h-section-boxed-container\">\n      <!---->\n      <div data-colibri-id=\"430-c17\" class=\"h-row-container gutters-row-lg-2 gutters-row-md-2 gutters-row-0 gutters-row-v-lg-2 gutters-row-v-md-2 gutters-row-v-2 style-667 style-local-430-c17 position-relative\">\n        <!---->\n        <div class=\"h-row justify-content-lg-center justify-content-md-center justify-content-center align-items-lg-stretch align-items-md-stretch align-items-stretch gutters-col-lg-2 gutters-col-md-2 gutters-col-0 gutters-col-v-lg-2 gutters-col-v-md-2 gutters-col-v-2\">\n          <!---->\n          <div class=\"h-column h-column-container d-flex h-col-lg-auto h-col-md-auto h-col-auto style-668-outer style-local-430-c18-outer\">\n            <div data-colibri-id=\"430-c18\" class=\"d-flex h-flex-basis h-column__inner h-px-lg-2 h-px-md-2 h-px-2 v-inner-lg-2 v-inner-md-2 v-inner-2 style-668 style-local-430-c18 position-relative\">\n              <!---->\n              <!---->\n              <div class=\"w-100 h-y-container h-column__content h-column__v-align flex-basis-100 align-self-lg-start align-self-md-start align-self-start\">\n                <!---->\n                <div data-colibri-id=\"430-c19\" class=\"h-global-transition-all h-heading style-669 style-local-430-c19 position-relative h-element\">\n                  <!---->\n                  <div class=\"h-heading__outer style-669 style-local-430-c19\">\n                    <!---->\n                    <!---->\n                    <h2 class=\"\"><span style=\"font-size: 73%;\">\ufeff<\/span><\/h2>\n                  <\/div>\n                <\/div>\n                <div data-colibri-id=\"430-c20\" class=\"h-lead h-text h-text-component style-670 style-local-430-c20 position-relative h-element\">\n                  <!---->\n                  <!---->\n                  <div class=\"\">\n                    <p><span style=\"font-weight: 600;\">Ofrecemos una atenci\u00f3n respetuosa, pronta y delicada para acompa\u00f1arlo a usted y familia en tan solemne paso.<br>Cementerio Parque Campo Sacro est\u00e1 con usted y su familia.<\/span><\/p>\n                  <\/div>\n                <\/div>\n                <div data-colibri-id=\"430-c21\" class=\"h-global-transition-all h-heading style-672 style-local-430-c21 position-relative h-element\">\n                  <!---->\n                  <div class=\"h-heading__outer style-672 style-local-430-c21\">\n                    <!---->\n                    <!---->\n                    <h4 class=\"\">Gracias por su preferencia<\/h4>\n                  <\/div>\n                <\/div>\n              <\/div>\n            <\/div>\n          <\/div>\n        <\/div>\n      <\/div>\n    <\/div>\n  <\/div>\n<\/div>","protected":false},"excerpt":{"rendered":"<p>ubicaci\u00f3n Sector Agua Fr\u00eda N\u00b0 1528, Linares tel\u00e9fono 73-2 212436 &#8211; 9 87696563 e-mail informaciones@camposacro.cl \ufeff Ofrecemos una atenci\u00f3n respetuosa, pronta y delicada para acompa\u00f1arlo a usted y familia en tan solemne paso.Cementerio Parque Campo Sacro est\u00e1 con usted y su familia. Gracias por su preferencia<\/p>\n","protected":false},"author":1,"featured_media":0,"parent":0,"menu_order":0,"comment_status":"closed","ping_status":"closed","template":"page-templates\/full-width-page.php","meta":{"_mc_calendar":[],"footnotes":""},"class_list":["post-430","page","type-page","status-publish","hentry"],"_links":{"self":[{"href":"https:\/\/camposacro.cl\/lin\/wp-json\/wp\/v2\/pages\/430","targetHints":{"allow":["GET"]}}],"collection":[{"href":"https:\/\/camposacro.cl\/lin\/wp-json\/wp\/v2\/pages"}],"about":[{"href":"https:\/\/camposacro.cl\/lin\/wp-json\/wp\/v2\/types\/page"}],"author":[{"embeddable":true,"href":"https:\/\/camposacro.cl\/lin\/wp-json\/wp\/v2\/users\/1"}],"replies":[{"embeddable":true,"href":"https:\/\/camposacro.cl\/lin\/wp-json\/wp\/v2\/comments?post=430"}],"version-history":[{"count":12,"href":"https:\/\/camposacro.cl\/lin\/wp-json\/wp\/v2\/pages\/430\/revisions"}],"predecessor-version":[{"id":1839,"href":"https:\/\/camposacro.cl\/lin\/wp-json\/wp\/v2\/pages\/430\/revisions\/1839"}],"wp:attachment":[{"href":"https:\/\/camposacro.cl\/lin\/wp-json\/wp\/v2\/media?parent=430"}],"curies":[{"name":"wp","href":"https:\/\/api.w.org\/{rel}","templated":true}]}}