{"id":912,"date":"2019-05-17T07:26:00","date_gmt":"2019-05-17T07:26:00","guid":{"rendered":"https:\/\/colibriwp-work.colibriwp.com\/gardening\/?page_id=912"},"modified":"2024-01-22T16:52:49","modified_gmt":"2024-01-22T19:52:49","slug":"servicios","status":"publish","type":"page","link":"https:\/\/camposacro.cl\/lin\/servicios\/","title":{"rendered":"Productos"},"content":{"rendered":"<div data-colibri-id=\"912-c1\" class=\"style-489 style-local-912-c1 position-relative\">\n  <!---->\n  <div data-colibri-component=\"section\" data-colibri-id=\"912-c2\" id=\"services\" class=\"h-section h-section-global-spacing d-flex align-items-lg-center align-items-md-center align-items-center style-490 style-local-912-c2 position-relative\">\n    <!---->\n    <!---->\n    <div class=\"h-section-grid-container h-section-boxed-container\">\n      <!---->\n      <div data-colibri-id=\"912-c3\" class=\"h-row-container gutters-row-lg-2 gutters-row-md-2 gutters-row-0 gutters-row-v-lg-2 gutters-row-v-md-2 gutters-row-v-2 style-491 style-local-912-c3 position-relative\">\n        <!---->\n        <div class=\"h-row justify-content-lg-center justify-content-md-center justify-content-center align-items-lg-stretch align-items-md-stretch align-items-stretch gutters-col-lg-2 gutters-col-md-2 gutters-col-0 gutters-col-v-lg-2 gutters-col-v-md-2 gutters-col-v-2\">\n          <!---->\n          <div class=\"h-column h-column-container d-flex h-col-lg-auto h-col-md-auto h-col-auto style-492-outer style-local-912-c4-outer\">\n            <div data-colibri-id=\"912-c4\" class=\"d-flex h-flex-basis h-column__inner h-px-lg-2 h-px-md-2 h-px-2 v-inner-lg-2 v-inner-md-2 v-inner-2 style-492 style-local-912-c4 position-relative\">\n              <!---->\n              <!---->\n              <div class=\"w-100 h-y-container h-column__content h-column__v-align flex-basis-100 align-self-lg-start align-self-md-start align-self-start\">\n                <!---->\n                <div data-colibri-id=\"912-c5\" class=\"style-677 style-local-912-c5 position-relative h-element\">\n                  <!---->\n                <\/div>\n                <div data-colibri-id=\"912-c6\" class=\"d-block style-509 style-local-912-c6 position-relative h-element\">\n                  <!---->\n                  <div class=\"h-image__frame-container-outer\">\n                    <div class=\"h-image__frame-container\">\n                      <!---->\n                      <!---->\n                      <img loading=\"lazy\" decoding=\"async\" width=\"1704\" height=\"1709\" src=\"https:\/\/camposacro.cl\/lin\/wp-content\/uploads\/2023\/04\/cropped-IMG_9417-scaled-1.jpg\" class=\"wp-image-1545 style-509-image style-local-912-c6-image\" alt=\"\" srcset=\"https:\/\/camposacro.cl\/lin\/wp-content\/uploads\/2023\/04\/cropped-IMG_9417-scaled-1.jpg 1704w, https:\/\/camposacro.cl\/lin\/wp-content\/uploads\/2023\/04\/cropped-IMG_9417-scaled-1-300x300.jpg 300w, https:\/\/camposacro.cl\/lin\/wp-content\/uploads\/2023\/04\/cropped-IMG_9417-scaled-1-1021x1024.jpg 1021w, https:\/\/camposacro.cl\/lin\/wp-content\/uploads\/2023\/04\/cropped-IMG_9417-scaled-1-150x150.jpg 150w, https:\/\/camposacro.cl\/lin\/wp-content\/uploads\/2023\/04\/cropped-IMG_9417-scaled-1-768x770.jpg 768w, https:\/\/camposacro.cl\/lin\/wp-content\/uploads\/2023\/04\/cropped-IMG_9417-scaled-1-1532x1536.jpg 1532w\" sizes=\"auto, (max-width: 1704px) 100vw, 1704px\" \/>\n                      <div class=\"h-image__frame h-hide-lg h-hide-md h-hide-sm style-509-frameImage style-local-912-c6-frameImage\"><\/div>\n                    <\/div>\n                  <\/div>\n                <\/div>\n                <div data-colibri-id=\"912-c7\" class=\"style-677 style-local-912-c7 position-relative h-element\">\n                  <!---->\n                <\/div>\n                <div data-colibri-id=\"912-c8\" class=\"d-block style-510 style-local-912-c8 position-relative h-element\">\n                  <!---->\n                  <div class=\"h-image__frame-container-outer\">\n                    <div class=\"h-image__frame-container\">\n                      <!---->\n                      <!---->\n                      <img loading=\"lazy\" decoding=\"async\" width=\"2560\" height=\"1440\" src=\"https:\/\/camposacro.cl\/lin\/wp-content\/uploads\/2023\/04\/DJI_0046-scaled.jpg\" class=\"wp-image-1772 style-510-image style-local-912-c8-image\" alt=\"\" srcset=\"https:\/\/camposacro.cl\/lin\/wp-content\/uploads\/2023\/04\/DJI_0046-scaled.jpg 2560w, https:\/\/camposacro.cl\/lin\/wp-content\/uploads\/2023\/04\/DJI_0046-300x169.jpg 300w, https:\/\/camposacro.cl\/lin\/wp-content\/uploads\/2023\/04\/DJI_0046-1024x576.jpg 1024w, https:\/\/camposacro.cl\/lin\/wp-content\/uploads\/2023\/04\/DJI_0046-768x432.jpg 768w, https:\/\/camposacro.cl\/lin\/wp-content\/uploads\/2023\/04\/DJI_0046-1536x864.jpg 1536w, https:\/\/camposacro.cl\/lin\/wp-content\/uploads\/2023\/04\/DJI_0046-2048x1152.jpg 2048w\" sizes=\"auto, (max-width: 2560px) 100vw, 2560px\" \/>\n                      <div class=\"h-image__frame h-hide-lg h-hide-md h-hide-sm style-510-frameImage style-local-912-c8-frameImage\"><\/div>\n                    <\/div>\n                  <\/div>\n                <\/div>\n              <\/div>\n            <\/div>\n          <\/div>\n          <div class=\"h-column h-column-container d-flex h-col-lg-auto h-col-md-auto h-col-auto style-493-outer style-local-912-c9-outer\">\n            <div data-colibri-id=\"912-c9\" class=\"d-flex h-flex-basis h-column__inner h-px-lg-2 h-px-md-2 h-px-2 v-inner-lg-2 v-inner-md-2 v-inner-2 style-493 style-local-912-c9 position-relative\">\n              <!---->\n              <!---->\n              <div class=\"w-100 h-y-container h-column__content h-column__v-align flex-basis-100 align-self-lg-start align-self-md-start align-self-start\">\n                <!---->\n                <div data-colibri-id=\"912-c10\" class=\"h-global-transition-all h-heading style-505 style-local-912-c10 position-relative h-element\">\n                  <!---->\n                  <div class=\"h-heading__outer style-505 style-local-912-c10\">\n                    <!---->\n                    <!---->\n                    <h4 class=\"\">Productos y Servicios<\/h4>\n                  <\/div>\n                <\/div>\n                <div data-colibri-id=\"912-c11\" class=\"h-row-container gutters-row-lg-0 gutters-row-md-0 gutters-row-0 gutters-row-v-lg-0 gutters-row-v-md-0 gutters-row-v-0 style-506 style-local-912-c11 position-relative\">\n                  <!---->\n                  <div class=\"h-row justify-content-lg-center justify-content-md-center justify-content-center align-items-lg-stretch align-items-md-stretch align-items-stretch gutters-col-lg-0 gutters-col-md-0 gutters-col-0 gutters-col-v-lg-0 gutters-col-v-md-0 gutters-col-v-0\">\n                    <!---->\n                    <div class=\"h-column h-column-container d-flex h-col-lg-auto h-col-md-auto h-col-auto style-507-outer style-local-912-c12-outer\">\n                      <div data-colibri-id=\"912-c12\" class=\"d-flex h-flex-basis h-column__inner h-px-lg-0 h-px-md-0 h-px-0 v-inner-lg-0 v-inner-md-0 v-inner-0 style-507 style-local-912-c12 position-relative\">\n                        <!---->\n                        <!---->\n                        <div class=\"w-100 h-y-container h-column__content h-column__v-align flex-basis-100 align-self-lg-start align-self-md-start align-self-start\">\n                          <!---->\n                          <div data-colibri-id=\"912-c13\" class=\"h-text h-text-component style-512 style-local-912-c13 position-relative h-element\">\n                            <!---->\n                            <!---->\n                            <div class=\"\">\n                              <p>B\u00f3vedas:Perpetuas con capacidad hasta la tercera generaci\u00f3n ascendete y descendente.<\/p>\n                            <\/div>\n                          <\/div>\n                          <div data-colibri-id=\"912-c14\" class=\"h-text h-text-component style-512 style-local-912-c14 position-relative h-element\">\n                            <!---->\n                            <!---->\n                            <div class=\"\">\n                              <p>Mausoleos:Terrenos de 12.25 mts cuadrados.<span style=\"font-weight: 400; font-size: 16px; font-family: &quot;Maven Pro&quot;; color: rgb(102, 102, 102);\">Con capacidad hasta la tercera generaci\u00f3n ascendete y descendente.<\/span><\/p>\n                            <\/div>\n                          <\/div>\n                          <div data-colibri-id=\"912-c15\" class=\"h-text h-text-component style-512 style-local-912-c15 position-relative h-element\">\n                            <!---->\n                            <!---->\n                            <div class=\"\">\n                              <p>Nichos Personales: Modalidad arriendo a 5, 10 y 20 a\u00f1os.<\/p>\n                            <\/div>\n                          <\/div>\n                          <div data-colibri-id=\"912-c16\" class=\"h-text h-text-component style-512 style-local-912-c16 position-relative h-element\">\n                            <!---->\n                            <!---->\n                            <div class=\"\">\n                              <p>Parque:Perpetuos con capacidad para 2, 4 y 6 personas. Hermosas \u00e1reas verdes a elecci\u00f3n.<\/p>\n                            <\/div>\n                          <\/div>\n                          <div data-colibri-id=\"912-c17\" class=\"h-global-transition-all h-heading style-505 style-local-912-c17 position-relative h-element\">\n                            <!---->\n                            <div class=\"h-heading__outer style-505 style-local-912-c17\">\n                              <!---->\n                              <!---->\n                              <h4 class=\"\"><\/h4>\n                            <\/div>\n                          <\/div>\n                          <div data-colibri-id=\"912-c18\" class=\"h-global-transition-all h-heading style-511 style-local-912-c18 position-relative h-element\">\n                            <!---->\n                            <div class=\"h-heading__outer style-511 style-local-912-c18\">\n                              <!---->\n                              <!---->\n                              <h5 class=\"\"><span style=\"font-size: 125%;\">Beneficios<\/span><\/h5>\n                            <\/div>\n                          <\/div>\n                          <div data-colibri-id=\"912-c19\" class=\"icon-list d-flex justify-content-lg-start justify-content-md-start justify-content-center style-515 style-local-912-c19 position-relative h-element\">\n                            <!---->\n                            <ul class=\"ul-list-icon vertical-on-desktop vertical-on-tablet vertical-on-mobile justify-content-lg-start justify-content-md-start justify-content-center\">\n                              <!---->\n                              <li class=\"list-item no-gutters\">\n                                <!---->\n                                <div class=\"list-container-divider d-flex justify-content-lg-start justify-content-md-start justify-content-center first-el-spacer\"><\/div> <span class=\"item-link no-gutters\"><div class=\"d-flex h-col no-gutters align-items-lg-center align-items-md-center align-items-center list-item-text-wrapper\"><div class=\"d-flex\"><span  class=\"h-svg-icon style-515-icon style-local-912-c19-icon\"><!--Icon by Font Awesome (https:\/\/fontawesome.com)-->\n    <svg version=\"1.1\" xmlns=\"http:\/\/www.w3.org\/2000\/svg\" xmlns:xlink=\"http:\/\/www.w3.org\/1999\/xlink\" id=\"check\" viewBox=\"0 0 1792 1896.0833\">\n      <path d=\"M1671 566q0 40-28 68l-724 724-136 136q-28 28-68 28t-68-28l-136-136-362-362q-28-28-28-68t28-68l136-136q28-28 68-28t68 28l294 295 656-657q28-28 68-28t68 28l136 136q28 28 28 68z\"><\/path>\n    <\/svg><\/span><\/div> <span class=\"list-text d-block\"><span>Cr\u00e9dito directo, seg\u00fan requisitos<\/span><\/span>\n                        <\/div>\n                        <\/span>\n                        <div class=\"list-container-divider d-flex justify-content-lg-start justify-content-md-start justify-content-center\">\n                          <!---->\n                        <\/div>\n                        <\/li>\n                        <li class=\"list-item no-gutters\">\n                          <!---->\n                          <!----><span class=\"item-link no-gutters\"><div class=\"d-flex h-col no-gutters align-items-lg-center align-items-md-center align-items-center list-item-text-wrapper\"><div class=\"d-flex\"><span  class=\"h-svg-icon style-515-icon style-local-912-c19-icon\"><!--Icon by Font Awesome (https:\/\/fontawesome.com)-->\n    <svg version=\"1.1\" xmlns=\"http:\/\/www.w3.org\/2000\/svg\" xmlns:xlink=\"http:\/\/www.w3.org\/1999\/xlink\" id=\"check\" viewBox=\"0 0 1792 1896.0833\">\n      <path d=\"M1671 566q0 40-28 68l-724 724-136 136q-28 28-68 28t-68-28l-136-136-362-362q-28-28-28-68t28-68l136-136q28-28 68-28t68 28l294 295 656-657q28-28 68-28t68 28l136 136q28 28 28 68z\"><\/path>\n    <\/svg><\/span><\/div> <span class=\"list-text d-block\"><span>Cuotas fija en pesos, hasta 36 meses.<\/span><\/span>\n                    <\/div>\n                    <\/span>\n                    <div class=\"list-container-divider d-flex justify-content-lg-start justify-content-md-start justify-content-center\" style=\"display: none;\">\n                      <!---->\n                    <\/div>\n                    <div class=\"list-container-divider d-flex justify-content-lg-start justify-content-md-start justify-content-center last-el-spacer\"><\/div>\n                    <\/li>\n                    <\/ul>\n                  <\/div>\n                <\/div>\n              <\/div>\n            <\/div>\n            <div class=\"h-column h-column-container d-flex h-col-lg-auto h-col-md-auto h-col-auto style-508-outer style-local-912-c20-outer\">\n              <div data-colibri-id=\"912-c20\" class=\"d-flex h-flex-basis h-column__inner h-px-lg-0 h-px-md-0 h-px-0 v-inner-lg-0 v-inner-md-0 v-inner-0 style-508 style-local-912-c20 position-relative\">\n                <!---->\n                <!---->\n                <div class=\"w-100 h-y-container h-column__content h-column__v-align flex-basis-100 align-self-lg-start align-self-md-start align-self-start\">\n                  <!---->\n                  <div data-colibri-id=\"912-c21\" class=\"d-block style-509 style-local-912-c21 position-relative h-element\">\n                    <!---->\n                    <div class=\"h-image__frame-container-outer\">\n                      <div class=\"h-image__frame-container\">\n                        <!---->\n                        <!---->\n                        <img loading=\"lazy\" decoding=\"async\" width=\"2560\" height=\"1707\" src=\"https:\/\/camposacro.cl\/lin\/wp-content\/uploads\/2023\/04\/IMG_9414-scaled.jpg\" class=\"wp-image-1472 style-509-image style-local-912-c21-image\" alt=\"\" srcset=\"https:\/\/camposacro.cl\/lin\/wp-content\/uploads\/2023\/04\/IMG_9414-scaled.jpg 2560w, https:\/\/camposacro.cl\/lin\/wp-content\/uploads\/2023\/04\/IMG_9414-300x200.jpg 300w, https:\/\/camposacro.cl\/lin\/wp-content\/uploads\/2023\/04\/IMG_9414-1024x683.jpg 1024w, https:\/\/camposacro.cl\/lin\/wp-content\/uploads\/2023\/04\/IMG_9414-768x512.jpg 768w, https:\/\/camposacro.cl\/lin\/wp-content\/uploads\/2023\/04\/IMG_9414-1536x1024.jpg 1536w, https:\/\/camposacro.cl\/lin\/wp-content\/uploads\/2023\/04\/IMG_9414-2048x1365.jpg 2048w\" sizes=\"auto, (max-width: 2560px) 100vw, 2560px\" \/>\n                        <div class=\"h-image__frame h-hide-lg h-hide-md h-hide-sm style-509-frameImage style-local-912-c21-frameImage\"><\/div>\n                      <\/div>\n                    <\/div>\n                  <\/div>\n                  <div data-colibri-id=\"912-c22\" class=\"d-block style-510 style-local-912-c22 position-relative h-element\">\n                    <!---->\n                    <div class=\"h-image__frame-container-outer\">\n                      <div class=\"h-image__frame-container\">\n                        <!---->\n                        <!---->\n                        <img loading=\"lazy\" decoding=\"async\" width=\"1704\" height=\"1122\" src=\"https:\/\/camposacro.cl\/lin\/wp-content\/uploads\/2023\/04\/cropped-cropped-IMG_9436-scaled-1-1.jpg\" class=\"wp-image-1579 style-510-image style-local-912-c22-image\" alt=\"\" srcset=\"https:\/\/camposacro.cl\/lin\/wp-content\/uploads\/2023\/04\/cropped-cropped-IMG_9436-scaled-1-1.jpg 1704w, https:\/\/camposacro.cl\/lin\/wp-content\/uploads\/2023\/04\/cropped-cropped-IMG_9436-scaled-1-1-300x198.jpg 300w, https:\/\/camposacro.cl\/lin\/wp-content\/uploads\/2023\/04\/cropped-cropped-IMG_9436-scaled-1-1-1024x674.jpg 1024w, https:\/\/camposacro.cl\/lin\/wp-content\/uploads\/2023\/04\/cropped-cropped-IMG_9436-scaled-1-1-768x506.jpg 768w, https:\/\/camposacro.cl\/lin\/wp-content\/uploads\/2023\/04\/cropped-cropped-IMG_9436-scaled-1-1-1536x1011.jpg 1536w\" sizes=\"auto, (max-width: 1704px) 100vw, 1704px\" \/>\n                        <div class=\"h-image__frame h-hide-lg h-hide-md h-hide-sm style-510-frameImage style-local-912-c22-frameImage\"><\/div>\n                      <\/div>\n                    <\/div>\n                  <\/div>\n                <\/div>\n              <\/div>\n            <\/div>\n          <\/div>\n        <\/div>\n        <div data-colibri-id=\"912-c23\" class=\"h-global-transition-all h-heading style-527 style-local-912-c23 position-relative h-element\">\n          <!---->\n          <div class=\"h-heading__outer style-527 style-local-912-c23\">\n            <!---->\n            <!---->\n            <h3 class=\"\">Consultas:<\/h3>\n          <\/div>\n        <\/div>\n        <div data-colibri-id=\"912-c24\" class=\"h-row-container gutters-row-lg-0 gutters-row-md-0 gutters-row-0 gutters-row-v-lg-0 gutters-row-v-md-0 gutters-row-v-0 style-516 style-local-912-c24 position-relative\">\n          <!---->\n          <div class=\"h-row justify-content-lg-center justify-content-md-center justify-content-center align-items-lg-stretch align-items-md-stretch align-items-stretch gutters-col-lg-0 gutters-col-md-0 gutters-col-0 gutters-col-v-lg-0 gutters-col-v-md-0 gutters-col-v-0\">\n            <!---->\n            <div class=\"h-column h-column-container d-flex h-col-lg-auto h-col-md-auto h-col-auto style-517-outer style-local-912-c25-outer\">\n              <div data-colibri-id=\"912-c25\" class=\"d-flex h-flex-basis h-column__inner h-px-lg-0 h-px-md-0 h-px-0 v-inner-lg-0 v-inner-md-0 v-inner-0 style-517 style-local-912-c25 position-relative\">\n                <!---->\n                <!---->\n                <div class=\"w-100 h-y-container h-column__content h-column__v-align flex-basis-100 align-self-lg-start align-self-md-start align-self-start\">\n                  <!---->\n                  <div data-colibri-id=\"912-c26\" class=\"h-row-container gutters-row-lg-1 gutters-row-md-1 gutters-row-0 gutters-row-v-lg-1 gutters-row-v-md-1 gutters-row-v-1 style-519 style-local-912-c26 position-relative\">\n                    <!---->\n                    <div class=\"h-row justify-content-lg-center justify-content-md-center justify-content-center align-items-lg-stretch align-items-md-stretch align-items-stretch gutters-col-lg-1 gutters-col-md-1 gutters-col-0 gutters-col-v-lg-1 gutters-col-v-md-1 gutters-col-v-1\">\n                      <!---->\n                      <div class=\"h-column h-column-container d-flex h-col-lg-auto h-col-md-auto h-col-auto style-520-outer style-local-912-c27-outer h-hide-sm\">\n                        <div data-colibri-id=\"912-c27\" class=\"d-flex h-flex-basis h-column__inner h-ui-empty-state-container h-px-lg-1 h-px-md-1 h-px-1 v-inner-lg-1 v-inner-md-1 v-inner-1 style-520 style-local-912-c27 h-hide-sm position-relative\">\n                          <!---->\n                          <!---->\n                          <div class=\"w-100 h-y-container h-column__content h-column__v-align flex-basis-100\">\n                            <!---->\n                          <\/div>\n                        <\/div>\n                      <\/div>\n                      <div class=\"h-column h-column-container d-flex h-col-lg h-col-md h-col-auto style-522-outer style-local-912-c28-outer\">\n                        <div data-colibri-id=\"912-c28\" class=\"d-flex h-flex-basis h-column__inner h-px-lg-1 h-px-md-1 h-px-1 v-inner-lg-1 v-inner-md-1 v-inner-1 style-522 style-local-912-c28 position-relative\">\n                          <!---->\n                          <!---->\n                          <div class=\"w-100 h-y-container h-column__content h-column__v-align flex-basis-100 align-self-lg-center align-self-md-center align-self-center\">\n                            <!---->\n                            <div data-colibri-id=\"912-c29\" class=\"h-global-transition-all h-heading style-526 style-local-912-c29 position-relative h-element\">\n                              <!---->\n                              <div class=\"h-heading__outer style-526 style-local-912-c29\">\n                                <!---->\n                                <!---->\n                                <h4 class=\"\"><\/h4>\n                              <\/div>\n                            <\/div>\n                            <div data-colibri-id=\"912-c30\" class=\"h-global-transition-all h-heading style-525 style-local-912-c30 position-relative h-element\">\n                              <!---->\n                              <div class=\"h-heading__outer style-525 style-local-912-c30\">\n                                <!---->\n                                <!---->\n                                <h5 class=\"\">informaciones@camposacro.cl<\/h5>\n                              <\/div>\n                            <\/div>\n                          <\/div>\n                        <\/div>\n                      <\/div>\n                      <div class=\"h-column h-column-container d-flex h-col-lg-auto h-col-md-auto h-col-auto style-521-outer style-local-912-c31-outer\">\n                        <div data-colibri-id=\"912-c31\" class=\"d-flex h-flex-basis h-column__inner h-px-lg-1 h-px-md-1 h-px-1 v-inner-lg-1 v-inner-md-1 v-inner-1 style-521 style-local-912-c31 position-relative\">\n                          <!---->\n                          <!---->\n                          <div class=\"w-100 h-y-container h-column__content h-column__v-align flex-basis-auto align-self-lg-center align-self-md-center align-self-center\">\n                            <!---->\n                            <div data-colibri-id=\"912-c32\" class=\"h-x-container style-523 style-local-912-c32 position-relative h-element\">\n                              <!---->\n                              <div class=\"h-x-container-inner style-dynamic-912-c32-group style-523-spacing style-local-912-c32-spacing\"><span class=\"h-button__outer style-524-outer style-local-912-c33-outer d-inline-flex h-element\"><a h-use-smooth-scroll=\"true\" href=\"https:\/\/camposacro.cl\/lin\/contact\/\"  data-colibri-id=\"912-c33\" class=\"d-flex w-100 align-items-center h-button justify-content-lg-center justify-content-md-center justify-content-center style-524 style-local-912-c33 position-relative\"><!----><!----> <span>Cont\u00e1ctanos<\/span><\/a>\n                                <\/span>\n                              <\/div>\n                            <\/div>\n                          <\/div>\n                        <\/div>\n                      <\/div>\n                    <\/div>\n                  <\/div>\n                <\/div>\n              <\/div>\n            <\/div>\n          <\/div>\n        <\/div>\n      <\/div>\n    <\/div>\n  <\/div>\n<\/div>\n<\/div>\n<\/div>\n<\/div>\n<\/div>","protected":false},"excerpt":{"rendered":"<p>Productos y Servicios B\u00f3vedas:Perpetuas con capacidad hasta la tercera generaci\u00f3n ascendete y descendente. Mausoleos:Terrenos de 12.25 mts cuadrados.Con capacidad hasta la tercera generaci\u00f3n ascendete y descendente. Nichos Personales: Modalidad arriendo a 5, 10 y 20 a\u00f1os. Parque:Perpetuos con capacidad para 2, 4 y 6 personas. Hermosas \u00e1reas verdes a elecci\u00f3n. Beneficios Cr\u00e9dito directo, seg\u00fan requisitos [&hellip;]<\/p>\n","protected":false},"author":1,"featured_media":0,"parent":0,"menu_order":0,"comment_status":"closed","ping_status":"closed","template":"page-templates\/full-width-page.php","meta":{"_mc_calendar":[],"footnotes":""},"class_list":["post-912","page","type-page","status-publish","hentry"],"_links":{"self":[{"href":"https:\/\/camposacro.cl\/lin\/wp-json\/wp\/v2\/pages\/912","targetHints":{"allow":["GET"]}}],"collection":[{"href":"https:\/\/camposacro.cl\/lin\/wp-json\/wp\/v2\/pages"}],"about":[{"href":"https:\/\/camposacro.cl\/lin\/wp-json\/wp\/v2\/types\/page"}],"author":[{"embeddable":true,"href":"https:\/\/camposacro.cl\/lin\/wp-json\/wp\/v2\/users\/1"}],"replies":[{"embeddable":true,"href":"https:\/\/camposacro.cl\/lin\/wp-json\/wp\/v2\/comments?post=912"}],"version-history":[{"count":17,"href":"https:\/\/camposacro.cl\/lin\/wp-json\/wp\/v2\/pages\/912\/revisions"}],"predecessor-version":[{"id":1882,"href":"https:\/\/camposacro.cl\/lin\/wp-json\/wp\/v2\/pages\/912\/revisions\/1882"}],"wp:attachment":[{"href":"https:\/\/camposacro.cl\/lin\/wp-json\/wp\/v2\/media?parent=912"}],"curies":[{"name":"wp","href":"https:\/\/api.w.org\/{rel}","templated":true}]}}